se -455 = -m*o + 1505. What is the units digit of o?
0
Let r(a) = 291*a + 63. Let x be r(5). Let v = 3042 - x. What is the thousands digit of v?
1
Suppose -5*p = -m + 834 - 192, 0 = 5*m - 3*p - 3298. Suppose m = 11*s - 4365. What is the tens digit of s?
5
Let l = -15 - -17. Suppose 3*x + 5*f - l*f = 6, 0 = 5*x - 2*f + 4. Suppose 3*v + 2*u + 12 - 109 = x, -v + 5*u = -4. What is the tens digit of v?
2
Let v = -30615 + 47585. What is the tens digit of v?
7
Let t = -141 + 69. Let o be 2/6 - (-4272)/t. Let x = -28 - o. What is the tens digit of x?
3
Let m = -2618 - -4779. What is the thousands digit of m?
2
Let j(f) = -6*f**2 - 7*f + 1. Let c be j(-7). Let r = c + 272. What is the units digit of r?
8
Let o be ((-8)/16 - 1)/((-3)/7056). Suppose 7*j = 3*j + o. What is the tens digit of j?
8
Suppose -79*c = -75*c - 20660. Let a = c + -1733. What is the units digit of (-6)/(-15) + a/20 + 1?
3
Suppose -x + 5*k = -20, 0 = 4*x + 3*k - 8 - 3. Suppose -x*z - 8*z = -3952. What is the tens digit of z?
0
Suppose 59*a + 28*a - 687881 = 28*a. What is the hundreds digit of a?
6
Suppose -3 + 25 = 3*f + 2*w, 5*f - 5*w = -5. Suppose -3*p = -o - 4*p - 4, -f*o - 5*p = 15. What is the units digit of o/2*144/(-60)?
6
Suppose -3*u - 629 = 2*r, -5*u + 4*r + 570 = 1655. Let f = 230 - -79. Let j = f + u. What is the units digit of j?
6
Suppose 3*w + 1612400 = 83*w. What is the units digit of w?
5
Let s = -9020 - -15159. What is the tens digit of s?
3
What is the thousands digit of 41155 - 509 - -4*2?
0
Let i = -6013 - -9532. What is the thousands digit of i?
3
Let b(m) = 32*m**2 + 22*m**2 - 37*m**2 - 9*m - 25*m + 305. What is the tens digit of b(11)?
8
Let m(f) = f**2 + 22*f + 17. Let x be m(-21). Let d be 4 + (x - (2 + -5)) + 10. Suppose o + 1608 = d*o. What is the hundreds digit of o?
1
Let r be 6*(-1)/(-3)*2. Let k(p) = p**3 + p**2 + p + 1. Let s(h) = 7*h**3 + 5*h**2 + 4*h + 5. Let o(i) = -6*k(i) + s(i). What is the tens digit of o(r)?
3
Suppose -3*j - f + 2345 = 0, 4*j + 0*f = f + 3129. Suppose -118*k + 116*k + j = 0. What is the units digit of k?
1
Let s(z) = 26*z + 36. Let u be s(-1). Suppose -3444 - 3906 = -u*q. What is the tens digit of q?
3
Let v(z) = -16*z - 64. Suppose -13 - 21 = 17*b. Let c be (((-16)/(-5))/b)/(48/600). What is the tens digit of v(c)?
5
Suppose 2370 = 5*h + 3*o, 3*h + 932 = 5*h - 2*o. Let g = -195 + h. Suppose 0 = -5*t + 7*t - g. What is the tens digit of t?
3
Suppose -2*q + 33 + 1 = -3*t, 2*t = 5*q - 19. What is the units digit of (-6922)/(-10) + t/(-15)?
3
Let s = 10545 + 23845. What is the hundreds digit of s?
3
Suppose -2 = -2*y - 6. Let h = 308 + -129. What is the units digit of (-3)/(h/91 + y)?
1
Let a(d) = 21*d - 59. Let z(v) = -10*v + 29. Let p(c) = -4*a(c) - 7*z(c). Suppose s - 60 = 13*s. What is the units digit of p(s)?
3
Suppose -7*v - 10 - 18 = 0. Let t be 2*(92 + 0) - v. Let s = t - 78. What is the units digit of s?
0
Suppose -2*y - 5*a + 21 = 3, -6 = -3*a. Suppose -20 = -5*j + 5*f - 5, -18 = 2*j + y*f. What is the units digit of 1*(-1)/j*47?
7
Let p = 46 + -44. Suppose p*q - 623 + 181 = 0. Suppose 4*x - q - 43 = 0. What is the tens digit of x?
6
Let m(l) = 6*l**2 + 5*l + 15. Let q = -93 + 102. What is the tens digit of m(q)?
4
Let x = -68 - -149. What is the units digit of x + -2 - (4 + 1)?
4
Suppose -2*y + 4*r = r - 12363, 0 = -2*r - 2. What is the thousands digit of y?
6
Let x be 43764/(-147)*(-7)/(-2). What is the hundreds digit of 2 + (3 - (x - 3)) - 2?
0
What is the hundreds digit of 28/(-280) + 2747410/100?
4
Let f = -13123 + 26199. What is the thousands digit of f?
3
Let m = -33 + 38. Suppose -1027 = -2*j - 3*z, j + m*z = 3*z + 516. Suppose 9*p - 1456 = j. What is the tens digit of p?
1
Suppose -11879 + 44583 = 3*z + 5*k, 0 = -z - 4*k + 10913. What is the units digit of z?
3
Let o = -623 - -630. Suppose 0 = -17*c - o*c + 33312. What is the thousands digit of c?
1
Let h = -26 - -135. Suppose h*j - 110*j = -246. What is the hundreds digit of j?
2
Suppose -5*n = -3*f + 197, f - 3*n - 16 - 55 = 0. Let z be 3 + (-1 + 0)*4 + f. Let u = 88 - z. What is the tens digit of u?
3
Suppose 6*u + 6 = 9*u. Let n(a) = 22*a**3 - 2*a + 0*a**3 - 4*a + 2*a + 5*a**2 + 3. What is the tens digit of n(u)?
9
Let f = -177 - -179. Suppose 4*z = s + 1832, -4*z + f*z + 916 = 2*s. What is the tens digit of z?
5
What is the tens digit of 335*(-72)/(-6)*(-3 - 20/(-5))?
2
Suppose -4*z - 42722 = -5*r + 1906, -5*r = 5*z - 44655. Suppose r = 7*x + 5*x. What is the units digit of x?
4
Let n(s) = 47*s + 827. What is the hundreds digit of n(9)?
2
Let s(c) = -4*c - 11. Let i be s(-4). Let n(x) = 57*x + 5. What is the hundreds digit of n(i)?
2
What is the tens digit of 29 + 704/(-24) + (-1 - (-176338)/3)?
7
Let t(p) = 166*p**2 - 120*p + 369. What is the units digit of t(19)?
5
Suppose 0 = -154*g + 210456 + 565704. What is the thousands digit of g?
5
Suppose 0 = h + c - 2 + 1, 0 = 5*h - 4*c - 5. Let l be h + 1/(5/20). Suppose 30 = 3*t - t + l*g, -g = 2. What is the tens digit of t?
2
Let h(q) = q**2 - 2*q - 9. Let c be h(7). Suppose 3*f + 271 = 4*y, -5*y - 3*f = c - 385. Let r = y + 1. What is the units digit of r?
1
Suppose 0 = 2*h + 380 - 108. Let u = 142 + h. What is the units digit of u?
6
Suppose -2*a = -m + 21927, -215*a - 4 = -219*a. What is the units digit of m?
9
Let o = -19221 + 39814. What is the tens digit of o?
9
Suppose -31*r - 556864 = -119*r. What is the tens digit of r?
2
What is the units digit of (-109584)/(-32) - 27/18?
3
Let x(k) = -k**2 - 38*k - 27. Let c be (-4)/(-1)*((-210)/24 - -2). What is the units digit of x(c)?
0
Suppose 4*p + 7*p - 5*p - 59436 = 0. What is the thousands digit of p?
9
Suppose 3*l = 3*o - 21573, 1 = -2*l - 5. What is the hundreds digit of o?
1
Let g(l) = -93*l**3 + 18*l**2 - 6*l - 10. What is the tens digit of g(-5)?
9
Let p(g) = -g**2 - 25*g - 21. Let r be p(-21). Let t = r + -59. Suppose b + 5*x - 56 = 0, b + b - 154 = t*x. What is the units digit of b?
1
Let t = 79 - 59. Suppose 4*c = t, 2*l - c = 4*l - 63. Suppose -2*y = 7 - l. What is the units digit of y?
1
Let o(w) = w**2 + 10*w + 6. Let f be o(-10). Suppose 0 = -f*t + 1331 + 937. What is the units digit of t?
8
Let h(v) = -v**3 + 3*v**2 + 2*v - 9. Let s be h(3). Let t(z) = z + 1. Let p(q) = -6*q + 21. Let a(f) = p(f) + 5*t(f). What is the units digit of a(s)?
9
Suppose 2*j = -5*z + 76, 3*z - 54 = -3*j + 6*j. Let p(g) = 2*g**3 - 31*g**2 + 4*g - 45. What is the hundreds digit of p(z)?
2
Suppose -16*d + 6 = -13*d. Suppose d*g = -2*m, -m = 5*g - 6*m - 50. Suppose 3*k = -3*r - 2*k - 7, g*r + 2*k = 20. What is the units digit of r?
6
Suppose -211*u + 4944223 = -3051123 + 1902299. What is the units digit of u?
7
What is the thousands digit of 4/(-11)*5720121/(-342)?
6
Suppose 3*v - 20239 = -215*d + 216*d, v - 2*d - 6733 = 0. What is the thousands digit of v?
6
Let z = 85720 + -30367. What is the tens digit of z?
5
Let i(p) = -431*p + 9. Let y(f) = 215*f - 5. Let c(r) = 6*i(r) + 11*y(r). What is the units digit of c(-1)?
0
Suppose -3*a + 2*a = 4, -3*a = 5*c - 33. What is the units digit of (-6 - (-404)/12)*c?
9
Let g(q) = -q**2 + q. Let b(d) = 3*d**2 - 19*d - 33. Let n(u) = b(u) + 2*g(u). What is the units digit of n(24)?
5
Let y be 2*1 + (-16 - -16). Let u be (-68)/(2/(-3 + y)). Suppose 408 = 37*a - u*a. What is the hundreds digit of a?
1
Let k = -44 - -47. Suppose 3 = -5*t + 4*z - 0, -k*z = 3*t + 18. Let u(w) = -2*w**3 - w**2 + w + 4. What is the tens digit of u(t)?
4
Let q be 9/12*10/15*0. Suppose q*c - c + 5*a = -20, -2*c - a = -7. Suppose 2*s + 3*l + 169 = 449, -719 = -c*s + 2*l. What is the hundreds digit of s?
1
What is the tens digit of (8 - 1 - 248/32) + 216598/8?
7
Suppose 10*s - 105904 = 148519 - 94793. What is the hundreds digit of s?
9
Let l(z) = z + 23. Suppose 3*h - 6*h - f - 54 = 0, -2*f = 0. Let q be l(h). Suppose 7*u - 192 = q*u. What is the tens digit of u?
9
Suppose 0 = y + 9*o - 14*o - 682, 3*y = 2*o + 2033. What is the hundreds digit of y?
6
Let u = 21 + -9. Let o(x) be the third derivative of 23*x**4/24 - 25*x**3/6 - x**2 - 362. What is the hundreds digit of o(u)?
2
Suppose 7*r = 10*r + 6. Let a be 725/5 + r + -2. Let l = a - 75. What is the tens digit of l?
6
Suppose -4*o - 2*c = -12, 0*o - 5*c = -4*o + 12. Suppose 2*y = -2*y. Suppose y = -0*b 